{"id":1537,"date":"2025-07-22T12:48:55","date_gmt":"2025-07-22T10:48:55","guid":{"rendered":"https:\/\/www.autoprofitgroup.sk\/autopozicovna\/?page_id=1537"},"modified":"2025-12-10T12:36:24","modified_gmt":"2025-12-10T11:36:24","slug":"cennik","status":"publish","type":"page","link":"https:\/\/www.autoprofitgroup.sk\/autopozicovna\/cennik\/","title":{"rendered":"CENN\u00cdK"},"content":{"rendered":"<div  class='flex_column av-3lsq1y9-b7d533cc3f8a84db05617b58c8f3acc5 av_one_full  avia-builder-el-0  avia-builder-el-no-sibling  first flex_column_div  '     ><section  class='av_textblock_section av-3ksqtv5-e1ab41b527679ff523bfaa1d0e082e7b '  ><div class='avia_textblock' ><h2 style=\"text-align: center;\">CENN\u00cdK VOZIDIEL AUTOPO\u017dI\u010cOVNE OD 01. 04. 2025<\/h2>\n<p style=\"text-align: center;\">Ceny s\u00fa uveden\u00e9 v \u20ac za 1 de\u0148 s DPH<\/p>\n<\/div><\/section><br \/>\n<div class='avia-data-table-wrap av-3ihlfip-63a4ad5e5216265f0a0163e5cf390176 avia_scrollable_table avia-table-1'><table  class='avia-table avia-data-table avia_pricing_default  avia-builder-el-2  el_after_av_textblock  el_before_av_table ' ><tbody><tr class='avia-heading-row'><th class=''>LOWCOST<\/th><th class='avia-center-col'>1 DE\u0143<\/th><th class='avia-center-col'>2 &#8211; 4 DNI<\/th><th class='avia-center-col'>5 &#8211; 7 DN\u00cd<\/th><th class='avia-center-col'>8 &#8211; 14 DN\u00cd<\/th><th class='avia-center-col'>15 a viac DN\u00cd<\/th><\/tr><tr class=''><td class=''>LADA Vesta<\/td><td class='avia-center-col'>36 \u20ac<\/td><td class='avia-center-col'>32 \u20ac<\/td><td class='avia-center-col'>28 \u20ac<\/td><td class='avia-center-col'>25 \u20ac <\/td><td class='avia-center-col'>22 \u20ac<\/td><\/tr><\/tbody><\/table><\/div><br \/>\n<div class='avia-data-table-wrap av-2tfmkwh-ada65da534b29fadc28b7cdcdaec6b54 avia_scrollable_table avia-table-2'><table  class='avia-table avia-data-table avia_pricing_default  avia-builder-el-3  el_after_av_table  el_before_av_table ' ><tbody><tr class='avia-heading-row'><th class=''>ECONOMY<\/th><th class='avia-center-col'>1 DE\u0143<\/th><th class='avia-center-col'>2 &#8211; 4 DNI<\/th><th class='avia-center-col'>5 &#8211; 7 DN\u00cd<\/th><th class='avia-center-col'>8 &#8211; 14 DN\u00cd<\/th><th class='avia-center-col'>15 a viac DN\u00cd<\/th><\/tr><tr class=''><td class=''>\u0160koda Fabia,<br \/>\n\u0160koda Scala,<br \/>\n\u0160koda Kamiq,<br \/>\nPeugeot 208,<br \/>\nPeugeot 2008,<br \/>\nHyundai i20<\/td><td class='avia-center-col'>45 \u20ac<\/td><td class='avia-center-col'>41 \u20ac<\/td><td class='avia-center-col'>37 \u20ac<\/td><td class='avia-center-col'>34 \u20ac <\/td><td class='avia-center-col'>28 \u20ac<\/td><\/tr><\/tbody><\/table><\/div><br \/>\n<div class='avia-data-table-wrap av-7nty1d-e388edb7e29fb2b58ce40c26845a62f6 avia_scrollable_table avia-table-3'><table  class='avia-table avia-data-table avia_pricing_default  avia-builder-el-4  el_after_av_table  el_before_av_table ' ><tbody><tr class='avia-heading-row'><th class=''>COMFORT<\/th><th class='avia-center-col'>1 DE\u0143<\/th><th class='avia-center-col'>2 &#8211; 4 DNI<\/th><th class='avia-center-col'>5 &#8211; 7 DN\u00cd<\/th><th class='avia-center-col'>8 &#8211; 14 DN\u00cd<\/th><th class='avia-center-col'>15 a viac DN\u00cd<\/th><\/tr><tr class=''><td class=''>Peugeot e2008<br \/>\nPeugeot 308<br \/>\nPeugeot 308 SW<br \/>\nPeugeot 3008<br \/>\nPeugeot Rifter<br \/>\nHyundai i30<br \/>\nHyundai KONA<br \/>\n\u0160koda Karoq<br \/>\n\u0160koda Elroq<br \/>\n\u0160koda Octavia<br \/>\nVW ID.4<\/td><td class='avia-center-col'>60 \u20ac<\/td><td class='avia-center-col'>57 \u20ac<\/td><td class='avia-center-col'>54 \u20ac<\/td><td class='avia-center-col'>50 \u20ac <\/td><td class='avia-center-col'>45 \u20ac<\/td><\/tr><\/tbody><\/table><\/div><br \/>\n<div class='avia-data-table-wrap av-1fuolv5-57eeb5da43e9471a086d2af2f7d5b2b2 avia_scrollable_table avia-table-4'><table  class='avia-table avia-data-table avia_pricing_default  avia-builder-el-5  el_after_av_table  el_before_av_table ' ><tbody><tr class='avia-heading-row'><th class=''>PREMIUM<\/th><th class='avia-center-col'>1 DE\u0143<\/th><th class='avia-center-col'>2 &#8211; 4 DNI<\/th><th class='avia-center-col'>5 &#8211; 7 DN\u00cd<\/th><th class='avia-center-col'>8 &#8211; 14 DN\u00cd<\/th><th class='avia-center-col'>15 a viac DN\u00cd<\/th><\/tr><tr class=''><td class=''>\u0160koda Superb<br \/>\n\u0160koda Kodiaq<br \/>\nPeugeot 5008<br \/>\nHyundai IONIQ<\/td><td class='avia-center-col'>74 \u20ac<\/td><td class='avia-center-col'>70 \u20ac<\/td><td class='avia-center-col'>67 \u20ac<\/td><td class='avia-center-col'>63 \u20ac <\/td><td class='avia-center-col'>59 \u20ac<\/td><\/tr><\/tbody><\/table><\/div><br \/>\n<div class='avia-data-table-wrap av-r4ha5t-6471effdd6b7be5ca5b272b03a7c37ae avia_scrollable_table avia-table-5'><table  class='avia-table avia-data-table avia_pricing_default  avia-builder-el-6  el_after_av_table  el_before_av_textblock ' ><tbody><tr class='avia-heading-row'><th class=''>VIAC MIESTNE\/\u00da\u017dITKOV\u00c9<\/th><th class='avia-center-col'>1 DE\u0143<\/th><th class='avia-center-col'>2 &#8211; 4 DNI<\/th><th class='avia-center-col'>5 &#8211; 7 DN\u00cd<\/th><th class='avia-center-col'>8 &#8211; 14 DN\u00cd<\/th><th class='avia-center-col'>15 a viac DN\u00cd<\/th><\/tr><tr class=''><td class=''>Peugeot Expert<br \/>\nPeugeot Traveller<br \/>\nPeugeot Boxer<\/td><td class='avia-center-col'>74 \u20ac<\/td><td class='avia-center-col'>70 \u20ac<\/td><td class='avia-center-col'>67 \u20ac<\/td><td class='avia-center-col'>63 \u20ac <\/td><td class='avia-center-col'>59 \u20ac<\/td><\/tr><\/tbody><\/table><\/div><br \/>\n\n<style type=\"text\/css\" data-created_by=\"avia_inline_auto\" id=\"style-css-av-278m35-0346f9ad10652aad1e6e2a78609f3158\">\n#top .av_textblock_section.av-278m35-0346f9ad10652aad1e6e2a78609f3158 .avia_textblock{\ncolor:#000000;\n}\n<\/style>\n<section  class='av_textblock_section av-278m35-0346f9ad10652aad1e6e2a78609f3158 '  ><div class='avia_textblock av_inherit_color' ><p style=\"text-align: justify;\">Ceny s\u00fa platn\u00e9 pri n\u00e1behu do 300 km \/ 1 de\u0148 po\u017ei\u010dania vozidla. Cena pri n\u00e1behu 301 km a viac sa \u00fa\u010dtuje:<\/p>\n<ul>\n<li>LOWCOST, ECONOMY, COMFORT &#8211; 0,16 \u20ac s DPH \/ 1 km<\/li>\n<li>PREMIUM, VIAC MIESTNE, \u00da\u0179ITKOV\u00c9\u00a0 &#8211; 0,24\u20ac s DPH \/ 1 km<\/li>\n<\/ul>\n<p>Poplatok za administrat\u00edvne \u00fakony je 6\u20ac s DPH.<\/p>\n<p>Cena za slu\u017eby sa hrad\u00ed vopred.<\/p>\n<p>Pri preberan\u00ed vozidla sa sklad\u00e1 z\u00e1bezpeka vo v\u00fd\u0161ke 300\u20ac na pr\u00edpadn\u00e9 po\u0161kodenia po\u010das n\u00e1jmu, ktor\u00e1 bude v pr\u00edpade bez\u0161kodov\u00e9ho priebehu n\u00e1jmu vr\u00e1ten\u00e1.<\/p>\n<p>Odovzdanie a prevzatie vozidla mimo pracovnej doby je spoplatnen\u00e9 sumou 50\u20ac s DPH.<\/p>\n<p>Pri nadmernom zne\u010disten\u00ed vozidla sa \u00fa\u010dtuje poplatok 15\u20ac s DPH.<\/p>\n<\/div><\/section><\/p><\/div>\n","protected":false},"excerpt":{"rendered":"","protected":false},"author":2,"featured_media":0,"parent":0,"menu_order":0,"comment_status":"closed","ping_status":"closed","template":"","meta":{"footnotes":""},"class_list":["post-1537","page","type-page","status-publish","hentry"],"yoast_head":"<!-- This site is optimized with the Yoast SEO plugin v26.5 - https:\/\/yoast.com\/wordpress\/plugins\/seo\/ -->\n<title>CENN\u00cdK - Autoprofit Rent<\/title>\n<meta name=\"robots\" content=\"index, follow, max-snippet:-1, max-image-preview:large, max-video-preview:-1\" \/>\n<link rel=\"canonical\" href=\"https:\/\/www.autoprofitgroup.sk\/autopozicovna\/cennik\/\" \/>\n<meta property=\"og:locale\" content=\"sk_SK\" \/>\n<meta property=\"og:type\" content=\"article\" \/>\n<meta property=\"og:title\" content=\"CENN\u00cdK - Autoprofit Rent\" \/>\n<meta property=\"og:url\" content=\"https:\/\/www.autoprofitgroup.sk\/autopozicovna\/cennik\/\" \/>\n<meta property=\"og:site_name\" content=\"Autoprofit Rent\" \/>\n<meta property=\"article:modified_time\" content=\"2025-12-10T11:36:24+00:00\" \/>\n<meta name=\"twitter:card\" content=\"summary_large_image\" \/>\n<meta name=\"twitter:label1\" content=\"Predpokladan\u00fd \u010das \u010d\u00edtania\" \/>\n\t<meta name=\"twitter:data1\" content=\"2 min\u00faty\" \/>\n<script type=\"application\/ld+json\" class=\"yoast-schema-graph\">{\"@context\":\"https:\/\/schema.org\",\"@graph\":[{\"@type\":\"WebPage\",\"@id\":\"https:\/\/www.autoprofitgroup.sk\/autopozicovna\/cennik\/\",\"url\":\"https:\/\/www.autoprofitgroup.sk\/autopozicovna\/cennik\/\",\"name\":\"CENN\u00cdK - Autoprofit Rent\",\"isPartOf\":{\"@id\":\"https:\/\/www.autoprofitgroup.sk\/autopozicovna\/#website\"},\"datePublished\":\"2025-07-22T10:48:55+00:00\",\"dateModified\":\"2025-12-10T11:36:24+00:00\",\"breadcrumb\":{\"@id\":\"https:\/\/www.autoprofitgroup.sk\/autopozicovna\/cennik\/#breadcrumb\"},\"inLanguage\":\"sk-SK\",\"potentialAction\":[{\"@type\":\"ReadAction\",\"target\":[\"https:\/\/www.autoprofitgroup.sk\/autopozicovna\/cennik\/\"]}]},{\"@type\":\"BreadcrumbList\",\"@id\":\"https:\/\/www.autoprofitgroup.sk\/autopozicovna\/cennik\/#breadcrumb\",\"itemListElement\":[{\"@type\":\"ListItem\",\"position\":1,\"name\":\"Home\",\"item\":\"https:\/\/www.autoprofitgroup.sk\/autopozicovna\/autoprofit-group-pozicovna\/\"},{\"@type\":\"ListItem\",\"position\":2,\"name\":\"CENN\u00cdK\"}]},{\"@type\":\"WebSite\",\"@id\":\"https:\/\/www.autoprofitgroup.sk\/autopozicovna\/#website\",\"url\":\"https:\/\/www.autoprofitgroup.sk\/autopozicovna\/\",\"name\":\"Autoprofit Rent\",\"description\":\"Autoprofit Group - po\u017ei\u010dov\u0148a vozidiel\",\"potentialAction\":[{\"@type\":\"SearchAction\",\"target\":{\"@type\":\"EntryPoint\",\"urlTemplate\":\"https:\/\/www.autoprofitgroup.sk\/autopozicovna\/?s={search_term_string}\"},\"query-input\":{\"@type\":\"PropertyValueSpecification\",\"valueRequired\":true,\"valueName\":\"search_term_string\"}}],\"inLanguage\":\"sk-SK\"}]}<\/script>\n<!-- \/ Yoast SEO plugin. -->","yoast_head_json":{"title":"CENN\u00cdK - Autoprofit Rent","robots":{"index":"index","follow":"follow","max-snippet":"max-snippet:-1","max-image-preview":"max-image-preview:large","max-video-preview":"max-video-preview:-1"},"canonical":"https:\/\/www.autoprofitgroup.sk\/autopozicovna\/cennik\/","og_locale":"sk_SK","og_type":"article","og_title":"CENN\u00cdK - Autoprofit Rent","og_url":"https:\/\/www.autoprofitgroup.sk\/autopozicovna\/cennik\/","og_site_name":"Autoprofit Rent","article_modified_time":"2025-12-10T11:36:24+00:00","twitter_card":"summary_large_image","twitter_misc":{"Predpokladan\u00fd \u010das \u010d\u00edtania":"2 min\u00faty"},"schema":{"@context":"https:\/\/schema.org","@graph":[{"@type":"WebPage","@id":"https:\/\/www.autoprofitgroup.sk\/autopozicovna\/cennik\/","url":"https:\/\/www.autoprofitgroup.sk\/autopozicovna\/cennik\/","name":"CENN\u00cdK - Autoprofit Rent","isPartOf":{"@id":"https:\/\/www.autoprofitgroup.sk\/autopozicovna\/#website"},"datePublished":"2025-07-22T10:48:55+00:00","dateModified":"2025-12-10T11:36:24+00:00","breadcrumb":{"@id":"https:\/\/www.autoprofitgroup.sk\/autopozicovna\/cennik\/#breadcrumb"},"inLanguage":"sk-SK","potentialAction":[{"@type":"ReadAction","target":["https:\/\/www.autoprofitgroup.sk\/autopozicovna\/cennik\/"]}]},{"@type":"BreadcrumbList","@id":"https:\/\/www.autoprofitgroup.sk\/autopozicovna\/cennik\/#breadcrumb","itemListElement":[{"@type":"ListItem","position":1,"name":"Home","item":"https:\/\/www.autoprofitgroup.sk\/autopozicovna\/autoprofit-group-pozicovna\/"},{"@type":"ListItem","position":2,"name":"CENN\u00cdK"}]},{"@type":"WebSite","@id":"https:\/\/www.autoprofitgroup.sk\/autopozicovna\/#website","url":"https:\/\/www.autoprofitgroup.sk\/autopozicovna\/","name":"Autoprofit Rent","description":"Autoprofit Group - po\u017ei\u010dov\u0148a vozidiel","potentialAction":[{"@type":"SearchAction","target":{"@type":"EntryPoint","urlTemplate":"https:\/\/www.autoprofitgroup.sk\/autopozicovna\/?s={search_term_string}"},"query-input":{"@type":"PropertyValueSpecification","valueRequired":true,"valueName":"search_term_string"}}],"inLanguage":"sk-SK"}]}},"_links":{"self":[{"href":"https:\/\/www.autoprofitgroup.sk\/autopozicovna\/wp-json\/wp\/v2\/pages\/1537","targetHints":{"allow":["GET"]}}],"collection":[{"href":"https:\/\/www.autoprofitgroup.sk\/autopozicovna\/wp-json\/wp\/v2\/pages"}],"about":[{"href":"https:\/\/www.autoprofitgroup.sk\/autopozicovna\/wp-json\/wp\/v2\/types\/page"}],"author":[{"embeddable":true,"href":"https:\/\/www.autoprofitgroup.sk\/autopozicovna\/wp-json\/wp\/v2\/users\/2"}],"replies":[{"embeddable":true,"href":"https:\/\/www.autoprofitgroup.sk\/autopozicovna\/wp-json\/wp\/v2\/comments?post=1537"}],"version-history":[{"count":6,"href":"https:\/\/www.autoprofitgroup.sk\/autopozicovna\/wp-json\/wp\/v2\/pages\/1537\/revisions"}],"predecessor-version":[{"id":1713,"href":"https:\/\/www.autoprofitgroup.sk\/autopozicovna\/wp-json\/wp\/v2\/pages\/1537\/revisions\/1713"}],"wp:attachment":[{"href":"https:\/\/www.autoprofitgroup.sk\/autopozicovna\/wp-json\/wp\/v2\/media?parent=1537"}],"curies":[{"name":"wp","href":"https:\/\/api.w.org\/{rel}","templated":true}]}}